{"id":346,"date":"2025-03-04T11:40:21","date_gmt":"2025-03-04T10:40:21","guid":{"rendered":"https:\/\/amicale.ch-perrens.fr\/?post_type=product&#038;p=346"},"modified":"2025-03-04T11:41:32","modified_gmt":"2025-03-04T10:41:32","slug":"momji-garde-denfants-en-anglais","status":"publish","type":"product","link":"https:\/\/amicale.ch-perrens.fr\/?product=momji-garde-denfants-en-anglais","title":{"rendered":"MOMJI &#8211; Garde d&rsquo;enfants en Anglais"},"content":{"rendered":"","protected":false},"excerpt":{"rendered":"<p>MOMJI et l&rsquo;Amicale vous propose un partenariat pour la garde d&rsquo;enfants bilingue en anglais.<\/p>\n<p>Ce partenariat vous propose les avantages suivants :<\/p>\n<ul>\n<li>Aide de la CAF<\/li>\n<li>Cr\u00e9dit d&rsquo;imp\u00f4t<\/li>\n<li>Cotisation offerte (au lieu de 96\u20ac)<\/li>\n<li>CESU pr\u00e9financ\u00e9 accept\u00e9<\/li>\n<\/ul>\n<p>Vous trouverez le lien partenaire \u00e0 l&rsquo;adresse ci-dessous :<br \/>\n<a href=\"https:\/\/www.momji.com\/partenaire\/amicale-conciergerie-chperrens\" target=\"_blank\" rel=\"noopener\">MOMJI Partenariat<\/a><\/p>\n","protected":false},"featured_media":347,"template":"","meta":[],"product_brand":[],"product_cat":[34],"product_tag":[],"class_list":{"0":"post-346","1":"product","2":"type-product","3":"status-publish","4":"has-post-thumbnail","6":"product_cat-quot","8":"first","9":"instock","10":"shipping-taxable","11":"product-type-simple"},"_links":{"self":[{"href":"https:\/\/amicale.ch-perrens.fr\/index.php?rest_route=\/wp\/v2\/product\/346","targetHints":{"allow":["GET"]}}],"collection":[{"href":"https:\/\/amicale.ch-perrens.fr\/index.php?rest_route=\/wp\/v2\/product"}],"about":[{"href":"https:\/\/amicale.ch-perrens.fr\/index.php?rest_route=\/wp\/v2\/types\/product"}],"wp:featuredmedia":[{"embeddable":true,"href":"https:\/\/amicale.ch-perrens.fr\/index.php?rest_route=\/wp\/v2\/media\/347"}],"wp:attachment":[{"href":"https:\/\/amicale.ch-perrens.fr\/index.php?rest_route=%2Fwp%2Fv2%2Fmedia&parent=346"}],"wp:term":[{"taxonomy":"product_brand","embeddable":true,"href":"https:\/\/amicale.ch-perrens.fr\/index.php?rest_route=%2Fwp%2Fv2%2Fproduct_brand&post=346"},{"taxonomy":"product_cat","embeddable":true,"href":"https:\/\/amicale.ch-perrens.fr\/index.php?rest_route=%2Fwp%2Fv2%2Fproduct_cat&post=346"},{"taxonomy":"product_tag","embeddable":true,"href":"https:\/\/amicale.ch-perrens.fr\/index.php?rest_route=%2Fwp%2Fv2%2Fproduct_tag&post=346"}],"curies":[{"name":"wp","href":"https:\/\/api.w.org\/{rel}","templated":true}]}}