{"id":309,"date":"2024-05-03T15:35:35","date_gmt":"2024-05-03T13:35:35","guid":{"rendered":"https:\/\/amicale.ch-perrens.fr\/?post_type=product&#038;p=309"},"modified":"2024-05-03T15:36:06","modified_gmt":"2024-05-03T13:36:06","slug":"soutien-scolaire","status":"publish","type":"product","link":"https:\/\/amicale.ch-perrens.fr\/?product=soutien-scolaire","title":{"rendered":"Soutien Scolaire"},"content":{"rendered":"<p><img loading=\"lazy\" decoding=\"async\" class=\"alignnone size-medium wp-image-310\" src=\"https:\/\/amicale.ch-perrens.fr\/wp-content\/uploads\/2024\/05\/soutien-scolaire-300x173.jpg\" alt=\"\" width=\"300\" height=\"173\" srcset=\"https:\/\/amicale.ch-perrens.fr\/wp-content\/uploads\/2024\/05\/soutien-scolaire-300x173.jpg 300w, https:\/\/amicale.ch-perrens.fr\/wp-content\/uploads\/2024\/05\/soutien-scolaire-416x240.jpg 416w, https:\/\/amicale.ch-perrens.fr\/wp-content\/uploads\/2024\/05\/soutien-scolaire.jpg 605w\" sizes=\"auto, (max-width: 300px) 100vw, 300px\" \/><\/p>\n","protected":false},"excerpt":{"rendered":"<p>COURS PARTICULIERS du primaire au sup\u00e9rieur<br \/>\nDES COURS PARTICULIERS ACCESSIBLES GR\u00c2CE AU CREDIT D\u2019IMPOT IMMEDIAT DE 50% !<\/p>\n<p>Frais d\u2019inscription OFFERTS au lieu de 80\u20ac<br \/>\n2 \u20ac de r\u00e9duction par heure de cours r\u00e9alis\u00e9e<br \/>\n1er COURS \u00ab SATISFAIT \u00bb OU \u00ab REMBOURS\u00c9 \u00bb<\/p>\n<p>CESU pr\u00e9financ\u00e9 accept\u00e9<\/p>\n<p>STAGES EN PETITS GROUPES en visio pendant les vacances scolaires<br \/>\nStages intensifs | Anglais | Journ\u00e9es pr\u00e9pa-examens | M\u00e9thodologie<\/p>\n<p>15% \u00e0 25% de r\u00e9duction sur les tarifs<br \/>\nCode ONLCE5591r\u00e9servation en ligne<\/p>\n<p>Besoin d\u2019un prof ? Rendez-vous sur votre site partenariat :<\/p>\n<p><a href=\"https:\/\/www.completude.com\/amicale-conciergerie-chperrens\" target=\"_blank\" rel=\"noopener\">CLIQUEZ-ICI<\/a><\/p>\n","protected":false},"featured_media":310,"template":"","meta":[],"product_brand":[],"product_cat":[34],"product_tag":[],"class_list":{"0":"post-309","1":"product","2":"type-product","3":"status-publish","4":"has-post-thumbnail","6":"product_cat-quot","8":"first","9":"instock","10":"shipping-taxable","11":"product-type-simple"},"_links":{"self":[{"href":"https:\/\/amicale.ch-perrens.fr\/index.php?rest_route=\/wp\/v2\/product\/309","targetHints":{"allow":["GET"]}}],"collection":[{"href":"https:\/\/amicale.ch-perrens.fr\/index.php?rest_route=\/wp\/v2\/product"}],"about":[{"href":"https:\/\/amicale.ch-perrens.fr\/index.php?rest_route=\/wp\/v2\/types\/product"}],"wp:featuredmedia":[{"embeddable":true,"href":"https:\/\/amicale.ch-perrens.fr\/index.php?rest_route=\/wp\/v2\/media\/310"}],"wp:attachment":[{"href":"https:\/\/amicale.ch-perrens.fr\/index.php?rest_route=%2Fwp%2Fv2%2Fmedia&parent=309"}],"wp:term":[{"taxonomy":"product_brand","embeddable":true,"href":"https:\/\/amicale.ch-perrens.fr\/index.php?rest_route=%2Fwp%2Fv2%2Fproduct_brand&post=309"},{"taxonomy":"product_cat","embeddable":true,"href":"https:\/\/amicale.ch-perrens.fr\/index.php?rest_route=%2Fwp%2Fv2%2Fproduct_cat&post=309"},{"taxonomy":"product_tag","embeddable":true,"href":"https:\/\/amicale.ch-perrens.fr\/index.php?rest_route=%2Fwp%2Fv2%2Fproduct_tag&post=309"}],"curies":[{"name":"wp","href":"https:\/\/api.w.org\/{rel}","templated":true}]}}