{"id":240,"date":"2022-04-27T09:28:57","date_gmt":"2022-04-27T07:28:57","guid":{"rendered":"https:\/\/amicale.ch-perrens.fr\/?post_type=product&#038;p=240"},"modified":"2022-04-27T09:29:34","modified_gmt":"2022-04-27T07:29:34","slug":"the","status":"publish","type":"product","link":"https:\/\/amicale.ch-perrens.fr\/?product=the","title":{"rendered":"Th\u00e9s"},"content":{"rendered":"","protected":false},"excerpt":{"rendered":"<p>Nous vous proposons plusieurs commandes dans l&rsquo;ann\u00e9e en partenariat avec la soci\u00e9t\u00e9 Th\u00e9Caf\u00e9 &amp; CO. Vous trouvez des assortiments de th\u00e9 DAMMANN, LE PALAIS DES THES etc&#8230;<\/p>\n<p>Le catalogue complet de th\u00e9s et accessoires est disponible au local de l&rsquo;amicale.<\/p>\n<p>&nbsp;<\/p>\n","protected":false},"featured_media":241,"template":"","meta":[],"product_brand":[],"product_cat":[36],"product_tag":[],"class_list":{"0":"post-240","1":"product","2":"type-product","3":"status-publish","4":"has-post-thumbnail","6":"product_cat-cafe","8":"first","9":"instock","10":"shipping-taxable","11":"product-type-simple"},"_links":{"self":[{"href":"https:\/\/amicale.ch-perrens.fr\/index.php?rest_route=\/wp\/v2\/product\/240","targetHints":{"allow":["GET"]}}],"collection":[{"href":"https:\/\/amicale.ch-perrens.fr\/index.php?rest_route=\/wp\/v2\/product"}],"about":[{"href":"https:\/\/amicale.ch-perrens.fr\/index.php?rest_route=\/wp\/v2\/types\/product"}],"wp:featuredmedia":[{"embeddable":true,"href":"https:\/\/amicale.ch-perrens.fr\/index.php?rest_route=\/wp\/v2\/media\/241"}],"wp:attachment":[{"href":"https:\/\/amicale.ch-perrens.fr\/index.php?rest_route=%2Fwp%2Fv2%2Fmedia&parent=240"}],"wp:term":[{"taxonomy":"product_brand","embeddable":true,"href":"https:\/\/amicale.ch-perrens.fr\/index.php?rest_route=%2Fwp%2Fv2%2Fproduct_brand&post=240"},{"taxonomy":"product_cat","embeddable":true,"href":"https:\/\/amicale.ch-perrens.fr\/index.php?rest_route=%2Fwp%2Fv2%2Fproduct_cat&post=240"},{"taxonomy":"product_tag","embeddable":true,"href":"https:\/\/amicale.ch-perrens.fr\/index.php?rest_route=%2Fwp%2Fv2%2Fproduct_tag&post=240"}],"curies":[{"name":"wp","href":"https:\/\/api.w.org\/{rel}","templated":true}]}}

Thés

<p>Nous vous proposons plusieurs commandes dans l&rsquo;année en partenariat avec la société ThéCafé &amp; CO. Vous trouvez des assortiments de thé DAMMANN, LE PALAIS DES THES etc&#8230;</p>
<p>Le catalogue complet de thés et accessoires est disponible au local de l&rsquo;amicale.</p>
<p>&nbsp;</p>
