{"id":236,"date":"2022-04-27T09:13:02","date_gmt":"2022-04-27T07:13:02","guid":{"rendered":"https:\/\/amicale.ch-perrens.fr\/?post_type=product&#038;p=236"},"modified":"2026-04-01T09:18:20","modified_gmt":"2026-04-01T07:18:20","slug":"236","status":"publish","type":"product","link":"https:\/\/amicale.ch-perrens.fr\/?product=236","title":{"rendered":"Catalogue parfumerie &#8211; Promo F\u00eate des m\u00e8res 2026"},"content":{"rendered":"","protected":false},"excerpt":{"rendered":"<p>L&rsquo;amicale propose des remises sur les parfums et cosm\u00e9tiques durant toute l&rsquo;ann\u00e9e : <strong><a href=\"https:\/\/amicale.ch-perrens.fr\/wp-content\/uploads\/2026\/04\/Promotions_Fete_des_Meres_2026_LaParfumerie_Europe_compressed.pdf\">Catalogue Promo f\u00eate de m\u00e8res<\/a><\/strong><\/p>\n<p>Vous trouverez le catalogue l&rsquo;ann\u00e9e 2026 par mail et ici :<\/p>\n<p><strong><a href=\"https:\/\/amicale.ch-perrens.fr\/wp-content\/uploads\/2026\/03\/Catalogue-annee-2026_compressed.pdf\">Catalogue ann\u00e9e 2026<\/a><\/strong><\/p>\n<p><em>Des promotions peuvent vous \u00eatre envoy\u00e9 par mail durant l&rsquo;ann\u00e9e.<\/em><\/p>\n<p>Une fois votre choix fait, vous pouvez nous faire parvenir votre <strong>commande<\/strong> directement dans les <strong>locaux de l\u2019amicale<\/strong> ou par <strong>email<\/strong> \u00e0 l\u2019adresse suivante : <a id=\"LPlnkOWA206c1a94-2b2d-300b-a4bc-fc0583b40e36\" class=\"x_x_OWAAutoLink\" href=\"mailto:amicale@ch-perrens.fr\" data-loopstyle=\"linkonly\" data-linkindex=\"0\">amicale@ch-perrens.fr<\/a><\/p>\n<p>&nbsp;<\/p>\n","protected":false},"featured_media":235,"template":"","meta":[],"product_brand":[],"product_cat":[43],"product_tag":[],"class_list":{"0":"post-236","1":"product","2":"type-product","3":"status-publish","4":"has-post-thumbnail","6":"product_cat-soins-bien-etre","8":"first","9":"instock","10":"shipping-taxable","11":"product-type-simple"},"_links":{"self":[{"href":"https:\/\/amicale.ch-perrens.fr\/index.php?rest_route=\/wp\/v2\/product\/236","targetHints":{"allow":["GET"]}}],"collection":[{"href":"https:\/\/amicale.ch-perrens.fr\/index.php?rest_route=\/wp\/v2\/product"}],"about":[{"href":"https:\/\/amicale.ch-perrens.fr\/index.php?rest_route=\/wp\/v2\/types\/product"}],"wp:featuredmedia":[{"embeddable":true,"href":"https:\/\/amicale.ch-perrens.fr\/index.php?rest_route=\/wp\/v2\/media\/235"}],"wp:attachment":[{"href":"https:\/\/amicale.ch-perrens.fr\/index.php?rest_route=%2Fwp%2Fv2%2Fmedia&parent=236"}],"wp:term":[{"taxonomy":"product_brand","embeddable":true,"href":"https:\/\/amicale.ch-perrens.fr\/index.php?rest_route=%2Fwp%2Fv2%2Fproduct_brand&post=236"},{"taxonomy":"product_cat","embeddable":true,"href":"https:\/\/amicale.ch-perrens.fr\/index.php?rest_route=%2Fwp%2Fv2%2Fproduct_cat&post=236"},{"taxonomy":"product_tag","embeddable":true,"href":"https:\/\/amicale.ch-perrens.fr\/index.php?rest_route=%2Fwp%2Fv2%2Fproduct_tag&post=236"}],"curies":[{"name":"wp","href":"https:\/\/api.w.org\/{rel}","templated":true}]}}